vative of f**6/360 - f**5/60 - f**4/24 - f**3/3 + 2*f**2. Let c(a) be the first derivative of j(a). Determine c(b).
-1
Let g(t) = 5*t**3 + 12*t**2 - 4*t - 3. Let q(o) = 6*o**3 + 13*o**2 - 4*o - 3. Let z(h) = -7*g(h) + 6*q(h). Let w be (-4)/18 - 188/(-36). Calculate z(w).
-2
Suppose 6 = t + 2*t. Suppose -2 = -2*d + t. Let m(u) = -u - 2*u - 2 + 4. Calculate m(d).
-4
Let y(a) be the second derivative of 0 + 1/6*a**3 + 2*a**2 + a. What is y(-3)?
1
Let o(z) = 2 - 3 + 1 + 3 - z. What is o(4)?
-1
Let h(k) = -k - k**3 + 15*k - 8*k + 5 - 5*k**2 + 0*k**3. What is h(-6)?
5
Suppose -n - 51 = -46. Let a(i) = i**2 + 8*i + 4. Determine a(n).
-11
Let h(v) = 52 - v**3 - 4*v**2 - 50 + v - 3*v. What is h(-3)?
-1
Let s(f) = f**2 + 2*f + 5. Let w(m) = -6*m**2 - 10*m - 26. Let n(a) = -11*s(a) - 2*w(a). Calculate n(3).
0
Suppose 3 = -5*u - 2. Let k be (-5)/u - (1 + 1). Let b(r) = 4*r - 3. Determine b(k).
9
Let k be (-3)/(-3) - (1 + -4). Suppose -k*f = -3*n - 4, -5*n + 3*f - 10 = 4. Let w(z) = z - 1. Calculate w(n).
-5
Let a(p) = -p**2 + 4. Let q be a(3). Let l(f) be the third derivative of -f**4/24 + f**3/2 + 3*f**2. Let v(s) = s - 4. Let d(o) = 4*l(o) + 3*v(o). What is d(q)?
5
Let t(l) = -4*l - 4. Let v(g) = g**3 - 3*g**2 + g + 1. Let y be v(2). Let h(u) = u + 1. Let x(s) = y*t(s) - 3*h(s). Calculate x(3).
4
Suppose -94 = 5*g + 86. Let d be (-4)/18 - 8/g. Suppose d*p = -p - 2*q + 14, 12 = -2*p + 4*q. Let v(x) = -2*x**2 + 7*x - 5. Give v(p).
-9
Let f be -3 + (-5 + 2 - -1). Let r = -6 - f. Let b(a) be the second derivative of a**3/2 + a**2/2 - 2*a. What is b(r)?
-2
Let a(u) = -7*u**2 - u. Let l(b) = 6*b - 3. Let f be l(2). Suppose v - 2*n - f = 0, -v - 19 = 3*v + 3*n. Determine a(v).
-6
Let h(m) = -m**2. Let c(v) = 5*v**2 - 2. Let q(f) = -c(f) - 2*h(f). What is q(-2)?
-10
Let g(r) = -28*r - 3 + 4*r**2 + r**3 - 3 + 3 + 22*r. What is g(-5)?
2
Let w(a) = -a**2 - 2*a + 0*a + 0*a**2. Let o be w(-2). Let i(p) = -3 + p + o*p + 10. Calculate i(-3).
4
Let n(t) = t - 3. Let f be n(3). Suppose w + 3*w = f. Let h(r) = -r**2 - r + 4. Give h(w).
4
Let w(l) = l**3 - 5*l**2 + 2*l - 4. Let j = -1 + -1. Let p = 7 + j. Calculate w(p).
6
Let a(y) = 3 - 2*y - 1 + y - y. Let j(l) = -3*l - 4. Let t be j(-2). Give a(t).
-2
Let n = -18 + 12. Let z(g) = -g**3 - 5*g**2 + 8*g + 9. What is z(n)?
-3
Let a(p) = -p**3 + 2*p - 3. Let k(g) = -g**3 + 3*g**2 + 4*g. Let h be k(4). Suppose h = x + 4*x + 30. Let m = -4 - x. What is a(m)?
-7
Let c = 0 + -3. Let o(h) = -10*h - 74. Let m(n) = 3*n + 23. Let p(q) = -13*m(q) - 4*o(q). Give p(c).
-6
Let y(g) = -1351*g + 2 + 1 + 1350*g. Give y(9).
-6
Let n(l) = -l**2 + 5*l + 4. Let y(p) = p**3 - 10*p**2 + 10*p - 3. Let u be y(9). Determine n(u).
-2
Let g(d) = -10*d**2 + 5*d - 4. Let w(t) = t**2 - t + 1. Suppose -7 = -p - 0*p + 4*n, -2*n - 26 = 4*p. Let j(z) = p*w(z) - g(z). Calculate j(1).
4
Let t(r) = r - 3*r + 2 + 6*r**2 - 1. Suppose 0 = f - 4*y - 1, 5*f + 2*y - 6*y - 5 = 0. Give t(f).
5
Let j(v) = 5*v**2 + v - 5*v - 4*v**2 - 2*v**2. Calculate j(-5).
-5
Let k = -3 + -1. Let h(p) = -p**2 - 5*p - 4. Let a(l) = -2*l**2 - 4*l - 3. Let g(q) = k*h(q) + 5*a(q). Calculate g(-1).
-5
Let u(z) = -2*z - 20 + z**2 + 21 + 0*z**2 + z**3. Let q(y) = -y**2 + 2*y + 1. Let l be q(-1). Determine u(l).
1
Let z(h) be the third derivative of 0 + 0*h + h**2 + 1/8*h**4 + 5/6*h**3. What is z(-5)?
-10
Let m(o) = o + 10 - 2*o + 0*o - 2. Determine m(0).
8
Let g(o) = o - 1. Let n(t) = t**2 - t - 1. Let u be n(2). What is g(u)?
0
Let s(f) be the second derivative of f**3/3 + 2*f**2 + 12*f. Give s(4).
12
Let c(q) be the third derivative of 0 - 1/24*q**4 - 1/6*q**3 - q**2 + 0*q. Calculate c(2).
-3
Let p(i) = 6*i**3 + i. Let n(a) be the first derivative of a**2/2 - 8*a - 2. Let y be n(6). Let x be 3/2 + 1/y. Give p(x).
7
Let c(m) = -3*m**3 - 24*m**2 - 5*m + 19. Let a(f) = f**3 + 8*f**2 + 2*f - 6. Let l(o) = 8*a(o) + 3*c(o). What is l(-8)?
1
Let k(v) = -v - 4*v - 7 + 6*v. Suppose 4*d = -7 + 31. Suppose 0 = -d*j + 3*j. Determine k(j).
-7
Let p(g) = -g**3 + 3*g**2 + 2*g - 3. Let w be p(3). Let u(r) = -r + 2*r**2 - r**w - 10 - 4*r**2 + r**2. Give u(0).
-10
Let y(s) be the first derivative of -3*s**3 - 17*s**2/2 + 13*s - 6. Let d(x) = -5*x**2 - 9*x + 6. Let p(g) = 7*d(g) - 4*y(g). What is p(-7)?
4
Suppose 8 = 4*f + n, 0 = -4*f + 2*n - 4. Let k(w) = -3*w**2 + w**2 - 10*w + w**3 + 3*w**2 + 9*w. Calculate k(f).
1
Let o(v) be the second derivative of -v**3/6 + v**2/2 + 5*v. Calculate o(-4).
5
Let i(k) = -5*k**2 - 6*k - 2. Let w(v) = -4*v**2 - 6*v - 1. Let r(m) = -5*i(m) + 6*w(m). What is r(5)?
-1
Let u(w) be the third derivative of w**5/60 - w**4/24 - 5*w**3/6 - 5*w**2. What is u(4)?
7
Let k(q) = q**2 + 5*q - 1. Let s(n) = -n**2 + 2*n + 3. Let v be ((-6)/9)/(2/6). Let j be s(v). Determine k(j).
-1
Let q be 4/(-8)*(-1 + 1). Suppose q = 4*w - 3 + 27. Let a(r) = 2*r**2 - 9*r + 7. Let c(p) = 5*p**2 - 19*p + 14. Let h(m) = -7*a(m) + 3*c(m). Calculate h(w).
-7
Suppose 3*n + 3 = -0*l - 3*l, 3*n + 2*l - 2 = 0. Let h(j) = 14*j**2 + 29*j - 6. Let a(w) = -5*w**2 - 10*w + 2. Let q(m) = -17*a(m) - 6*h(m). Determine q(n).
2
Suppose -2*w + 12 = -4*c, -3*w + 1 = 2*c + 15. Let x(t) = 4*t**2 - 4*t**2 + 29 + 2*t - t**2 - 26. Calculate x(w).
-5
Let j(c) = -2*c + c + 3 - 1 - 6. Let n(q) = -q - 1. Let d be n(-6). Suppose d*z = -4*m - 33, -5*z - m - 23 = -2*m. Give j(z).
1
Let y(f) = -1 - f**3 + 3*f**2 - 3*f - 2 + 0. Calculate y(3).
-12
Let b be (-1 - 1) + -1 + -2. Let w = b + 0. Let k(v) = -v + 1. Let t(c) = 6*c + 1. Let i(u) = -5*k(u) - t(u). Calculate i(w).
-1
Let n(h) = h**3 + 3*h**2 + 3*h + 4. Suppose -4*d + 102 - 41 = 5*i, 0 = -3*d + 2*i + 17. Suppose w + 2*w + d = 0. Give n(w).
-5
Let y(b) = 2*b + 2. Suppose 3*g = 2*d + 4, 2*g - 3 = d - 2. What is y(g)?
-2
Let c(x) be the third derivative of -x**5/20 - x**4/6 - x**3/2 - 5*x**2. Determine c(-2).
-7
Let q(z) = 4*z - 2*z**2 + 0*z**2 + 36*z**3 - z**2 - 1 - 37*z**3. Determine q(-3).
-13
Let p(r) = 26*r**3 + 11*r + 14. Let k(n) = 9*n**3 + 4*n + 5. Let a(z) = -17*k(z) + 6*p(z). Suppose t + 10 = -t. Let s = -6 - t. What is a(s)?
-2
Let x be (-2 - (-9)/6)*-4. Let k(m) = -2 + 0 + x*m + m**3 - 5*m - m**2. What is k(-2)?
-8
Let b(i) = i + 6. Suppose -6 = 5*w + 9. Calculate b(w).
3
Let v(d) = -d**2 + 4*d + 4. Let g(a) be the second derivative of -a**5/20 - a**4/3 + a**3/2 - 5*a**2/2 - a. Let l = -4 - 1. Let t be g(l). Determine v(t).
-1
Let f(b) be the third derivative of -b**4/12 - 5*b**3/6 + 5*b**2. Give f(-4).
3
Suppose -12 = -j + 5*m + 15, -4*j - 4*m + 12 = 0. Let v = -8 + j. Let h(r) = -10*r**3 + 2*r + 1. Determine h(v).
9
Suppose -3*t = -0 - 3. Let u(o) = -16*o - 15. Let i(p) = -8*p - 7. Let g(b) = -13*i(b) + 6*u(b). What is g(t)?
9
Let d be 3/(-6)*(5 + -5). Let f be (d + -6)*1/(-1). Let j(t) = t - 9. Calculate j(f).
-3
Let u(k) = k**3 - 6*k**2 - 2. Let y be u(6). Let o(w) be the second derivative of -1/2*w**3 + 4*w - w**2 + 0. Give o(y).
4
Let t(n) = n + 0*n - 2 - 5 + 0*n. Calculate t(7).
0
Let t(w) = w**2 + 1. Let v be t(1). Let k(r) = v + 4*r - r + 2*r**2 + 3. Let i(y) = -3*y**2 - 5*y - 7. Let s(f) = 5*i(f) + 7*k(f). Calculate s(-4).
0
Let x(a) = 2*a**2 + 3*a + 1. Let u(l) = l**2 + 1 + 1 - 4 - 10*l. Let f be u(10). Calculate x(f).
3
Let l(m) = m**3 + 7*m**2 + 4*m - 8. Let a = -6 + 0. Let g be l(a). Suppose 15 = g*s + 3. Let z(k) = -2*k + 1. Calculate z(s).
-5
Let p be -5 - -2 - (-3 - 2). Let h be ((-5)/(-3))/(p/(-6)). Let n(j) = -j**2 - 6*j - 1. Give n(h).
4
Let r(v) = v**3 + 23*v**2 - 25*v - 30. Let d be r(-24). Let i(h) = -h**2 - 6*h - 3. Determine i(d).
-3
Let t(m) = -m**2 + m + 1. Let g(x) = 2*x**2 - 14*x - 9. Let a(v) = g(v) + 3*t(v). Determine a(-11).
-6
Let x(i) = i**3 - 5*i**2 - 4. Suppose -1 = 5*w + 5*a + 4, -3*w = 4*a + 7. Suppose -w*b = b - 16, 3*k - 3 = 3*b. Determine x(k).
-4
Let b(d) = -d**2 + d + 1. Suppose -w + 5 = 0, -5*f + 5 = -4*w - 0*w. Suppose o + n = 17, 3*n - 2*n = -f*o + 101. Let a be 7*1*6/o. Determine b(a).
-1
Let b be 111/21 + 4/(-14). Let z(j) = -1750 - 2*j + 1757 - j. Determine z(b).
-8
Let c(q) = -10 + 12 + 2*q**2 - q**2. Determine c(0).
2
Suppose -40*c + 41*c = 3. Let n(x) be the first derivative of -1/3*x**3 + c - 5/2*x**2 - 2*x. Determine n(-3).
4
Suppose -3*v = -2 - 4. Suppose -3*i = -4*p + 2*i + 32, -v*p = -i - 10. Let q(z) = -z**3 +